 84/210. Calculate the greatest common factor of 3190 and d.
110
Suppose 5*o - 2172 = 558. Let r be (-408)/153 + 476/3. Calculate the greatest common factor of r and o.
78
Let n be (2*400/24)/((-2)/(-33)). Calculate the highest common divisor of 121 and n.
11
Suppose 0 = -5*n + j, -3*n = -142*j + 138*j. Let u = -8 + 14. Suppose f + 4*o - u = n, 5*f - 2*o - 3 - 5 = 0. Calculate the highest common divisor of f and 3.
1
Let j be (-6226)/(-7) + (-4)/(-7). Let r = 2254 + -2244. Calculate the highest common factor of j and r.
10
Suppose c = -5*q - 2*c - 238, -c - 46 = q. Let t be (-5 - (-84)/20)/(2/q). What is the highest common divisor of 20 and t?
20
Let b be (-5 - -2)/(3/(-22)). Let p = -19687 + 19940. What is the greatest common factor of b and p?
11
Let x(n) = -24*n**2 - 14*n**2 + 73 - 20*n - 3*n - 13*n - n**3. Let i be x(-37). What is the greatest common factor of i and 36?
36
Suppose -23*r = 2593 - 7626 - 4903. What is the highest common divisor of 1104 and r?
48
Suppose -803 = -3*x - 5*f + 4913, 3*x + 3*f - 5724 = 0. Suppose -2020 + x = -3*t. What is the greatest common factor of 54 and t?
18
Suppose -4*m + 42701*r + 134 = 42704*r, -5*m - 2*r = -192. Let z be (0/2)/(-2) + 11. What is the highest common divisor of m and z?
11
Let j be (0 - 2)/6 - (-1702)/(-69). Let q be (5*(-18)/j)/(1/(-5)). Let g be -2 + (-2 - q) + -2. Calculate the highest common factor of 108 and g.
12
Let n be 2190 - 18/(-15)*(-11 + 11 + 5). What is the greatest common divisor of n and 2684?
244
Suppose 8 = 2*w, -v - 4*w = -41 - 8. Suppose 32*j - v*j = -305. Calculate the greatest common divisor of j and 61.
61
Let z(m) = m**3 - 15*m**2 + 19*m - 34. Let j be z(14). Let n be (-5)/(-2)*(-88776)/(-685). What is the highest common factor of j and n?
36
Suppose -943*m = -936*m - 637. Calculate the greatest common factor of m and 6552.
91
Suppose 0 = -6*i + 1 + 17. Suppose -2*p + 170 = 3*y, 7*y - 221 = i*y + 3*p. What is the greatest common divisor of 56 and y?
56
Let l be (7 - 3)/((-2)/1419). Let m be l/(-88) - 6/(-16)*2. Calculate the greatest common factor of m and 33.
33
Suppose -4*u = 6 - 30. Let b(f) = f**2 - 10*f - 3. Let t be b(u). Let w = t + 44. Calculate the greatest common factor of w and 187.
17
Let t be (5790/(-12) + -2 + 6)/(6/(-8)). What is the greatest common factor of 290 and t?
58
Suppose 0 = -99*w - 1721 + 10631. Suppose p - 3*j = 3*p - 27, -4*p - 4*j + 52 = 0. Let q be 4*3 + p/(-6). Calculate the highest common divisor of w and q.
10
Let y be 30/(-4)*(-157 - (-152)/8). What is the greatest common divisor of 1311 and y?
69
Let d(i) = -30*i**3 + i**2 - 6*i - 7. Let c be d(-1). Suppose 5*s - 6 - 24 = -m, -5*s = -2*m - c. What is the greatest common divisor of s and 30?
6
Let n(r) = r**2 - 89*r - 1107. Let k be n(-12). What is the greatest common factor of 1029 and k?
21
Let m be (-1)/((-1)/3 + (-11)/(-42)). Suppose 329 = 15*o - 616. Calculate the greatest common factor of o and m.
7
Let w(y) = -2*y**3 - 8*y**2 - 6*y - 5. Let s be w(-6). Let n = 719471 + -719346. What is the highest common divisor of s and n?
25
Let s = 326 - 231. Suppose 2*j - 7*j + 3*q = -52, 3*j - 34 = -q. Let t be (-6)/(-33) + 416/j. What is the highest common divisor of t and s?
19
Let h(f) = 26*f + 55 + 8*f - 7*f**2 - f**3 - 23*f. Let s be h(-10). What is the highest common divisor of 49 and s?
49
Suppose 73 = -2*r - 143. Let f = -105 - r. Suppose -126 = -4*h - f*h. Calculate the highest common factor of h and 9.
9
Suppose -87*s + 53*s - 325728 = -61*s. Calculate the highest common factor of s and 104.
104
Suppose 13259 - 114347 = -32*t. Calculate the greatest common factor of t and 52.
13
Suppose 0*f - 3*f + 540 = -5*d, 15 = 3*f. Let o = -353 - d. Let t be (-2 + o/(-3))/((-4)/(-18)). What is the highest common factor of t and 33?
33
Suppose 593 = -6*r + 7*r + 5*l, -2*l - 1210 = -2*r. Let q = r - 579. Calculate the highest common factor of q and 56.
8
Let k be (-1 - -5) + (-394 - 6) + 8. Let b = k + 400. Let z = -12 - -24. Calculate the greatest common factor of b and z.
12
Let y be 21668/76 + (-6)/57. Let o = y + -275. Calculate the highest common factor of 70 and o.
10
Suppose -2*u = -3*s - 1844, 4 = -199*s + 201*s. Calculate the highest common divisor of 175 and u.
25
Let r(c) = 143*c - 3. Suppose 6*i - 82 = 2*i + 3*n, 2*i - 40 = 2*n. Suppose -18 = 4*z - i. Let w be r(z). What is the greatest common divisor of 20 and w?
20
Suppose -12*p + 380 = 128. Let z be ((-109)/(-2) + -2)*(-2)/(-3). Calculate the highest common factor of z and p.
7
Suppose 0 = 1777*j - 1775*j. Suppose 2*n - 7*n = -5*g + 150, -4*g + 5*n + 115 = j. What is the greatest common factor of g and 56?
7
Let q be 15 - 2/8*(-12)/(-3). Let k = 293 + -275. Calculate the greatest common factor of k and q.
2
Let c be (3/(-2))/((-15)/50). Suppose -44 - 6 = -c*a. Let g be -4 + a/5 - -7. Calculate the highest common divisor of g and 40.
5
Let z be 7*(-19 + 118 + -13). What is the greatest common factor of z and 14?
14
Suppose 12*p + 1245 = 13*p. Let k = 167 - 116. Suppose -6*d = -p - k. What is the highest common divisor of 24 and d?
24
Let l = 3919 - 3765. What is the highest common factor of 836 and l?
22
Let n(f) = f**3 + 8*f**2 + 13*f + 17. Let d be n(-8). Let g = -22 - d. What is the highest common divisor of 10 and g?
5
Let u(d) = d**2 - 5*d + 8. Let m be u(3). Suppose m*r - 32 + 12 = 0. Let s = -68 - -138. Calculate the highest common factor of s and r.
10
Let v = 281 - 265. Suppose 5*w - v = -3*w. Calculate the highest common factor of 32 and w.
2
Let k(v) = 5*v**3 + v**2 - 21*v - 11. Let m be k(-5). Let f = -428 - m. What is the greatest common factor of f and 585?
39
Let a(s) = 3*s**3 - 12*s**2 + 81*s - 198. Let t be a(22). What is the greatest common divisor of t and 44?
44
Let b = 1647 + -885. Suppose -10*t + b + 1238 = 0. Calculate the highest common factor of 120 and t.
40
Suppose -69*s + 80*s = 88, c - 2*s - 116 = 0. Calculate the highest common factor of 50556 and c.
132
Suppose -7*z + 11426 + 5731 = 0. Calculate the greatest common factor of z and 57.
57
Let f be ((-52)/56 + (-40)/70)/(1/(-1406)). Calculate the highest common factor of f and 37.
37
Suppose -32 = 2*u - 2*t - 256, 0 = -u - 3*t + 96. Let a be (-4)/14 + (-1100)/70. Let d = 28 + a. What is the highest common divisor of u and d?
12
Suppose -h = 2*y + 77 - 135, 2*y - h - 62 = 0. What is the greatest common factor of y and 1240?
10
Suppose -m + 4*l = -47, 169 - 19 = 3*m - 3*l. Suppose -5*s + m = 11. What is the greatest common factor of 56 and s?
8
Suppose 16 = 4*v, 5*n - 300*v - 154 = -296*v. Let f(j) = 11*j + 8. Let m be f(7). Calculate the greatest common factor of n and m.
17
Let b(r) = -r - 6. Let z be b(-6). Suppose -2*a = -z*a - 32. Suppose 4*u + 2*n = 28 + a, -2*n = -5*u + 46. Calculate the greatest common divisor of u and 90.
10
Let x(v) = -6*v - 26. Let m be x(-7). Suppose 4*f + m = 0, 8*f = -4*n + 6*f + 448. What is the highest common factor of 76 and n?
38
Suppose 0 = -77*a + 46*a + 620. What is the highest common divisor of a and 870?
10
Let y be (203 + 0)/(46/46). Let x = 210 - y. Calculate the highest common factor of 63 and x.
7
Let u be (-6)/4*(19 + (-10200)/72). What is the highest common factor of 9568 and u?
184
Let h(r) = 2*r + 81. Let u(f) = 6*f - 208. Let o be u(29). Let v be h(o). What is the highest common factor of v and 377?
13
Suppose -3*t + 16 = s, -4*s - 26 = -t - 2*t. Let l be (93*t/(-12))/(18/(-48)). Calculate the highest common divisor of 93 and l.
31
Suppose -5*h + 5*v = -7230, 17*v - 19*v - 5772 = -4*h. What is the greatest common divisor of 3680 and h?
160
Suppose -c + 4*i = -96, 11*i + 498 = 4*c + 14*i. What is the highest common factor of 96 and c?
24
Let s(x) = 2*x. Let i(d) = -14*d + 35. Let w(z) = -i(z) - 5*s(z). Let r be w(14). Calculate the highest common divisor of r and 35.
7
Suppose -3*u + 4*q + 6 = -34, -q = 5*u - 105. Let k be ((-5)/((-5)/(-6)))/2 + -185. Let a = 192 + k. Calculate the greatest common divisor of a and u.
4
Suppose 4*z - 635 = -z. Let w = 91 - z. Let b = w - -52. What is the greatest common divisor of b and 112?
16
Let k be -14*10/(-7)*2/8. Suppose -k*u - 2*s + 5140 = 1462, u - 4*s - 740 = 0. Calculate the greatest common divisor of u and 23.
23
Let n = -2163 + 2172. What is the greatest